 = o. Is k a multiple of 13?
False
Suppose 4*m = 2*m + 28. Let w = m + -10. Is w a multiple of 3?
False
Let z be 376/6 + (-2)/3. Suppose 0*o - z = -4*y + 5*o, 0 = 4*o - 8. Is y a multiple of 12?
False
Suppose 2*r + 252 = 5*r. Does 12 divide r?
True
Let y be (-15 + 3)*(-1)/(-2). Let u = -5 - y. Is 2 + u/(-2)*-4 a multiple of 4?
True
Suppose -5*w = -3*v + 13, -3*w = 2*v - 0*w + 23. Let a = v - -11. Is 4 a factor of a?
False
Let s = -5 + 11. Let d be s*-1*(-1 + -1). Let t = 27 - d. Is t a multiple of 8?
False
Let h(r) = -r**3 + 5*r**2 + 6*r + 3. Let m be h(6). Let s be ((-3)/(-1) - 3) + m. Is 13 a factor of 33*(0 + 3/s)?
False
Suppose i - 16 = -3*i. Suppose -i*p + 82 = 10. Let c = p - 10. Does 3 divide c?
False
Let t(k) = k**2 + k + 2. Suppose 4*q + 28 = 3*h - 24, 5*q - 10 = 0. Suppose -h = 4*g - 8. Is t(g) a multiple of 8?
True
Let u = 2 + -1. Let k(j) be the third derivative of j**6/30 + j**5/60 - j**4/24 + 2*j**2. Does 2 divide k(u)?
True
Suppose -5*w = -4*j - 27, -4*j - 4*w = -7*j - 21. Let p be ((-3)/j - -1) + 58. Suppose -d + p = d. Is 15 a factor of d?
True
Suppose 0*f = -3*f + 18. Suppose f*l - 72 = 2*l. Does 13 divide l?
False
Let x(d) = d**2 - 4*d + 9. Is 17 a factor of x(7)?
False
Let r(v) be the third derivative of -v**6/120 + 2*v**5/15 + v**4/24 + v**3 - 2*v**2. Is 6 a factor of r(8)?
False
Let b(c) = -c**3 - 2*c**2 - 2*c + 3. Let m = -2 - 1. Let h = m + 0. Does 16 divide b(h)?
False
Let l = 102 - 50. Does 26 divide l?
True
Does 4 divide 9/(-6)*(-8)/2?
False
Suppose -g + 18 = -46. Suppose 4*x - g = -v, 2*x + 127 = 3*v + x. Is v a multiple of 11?
True
Suppose 0*s = -2*k - 3*s + 64, 114 = 5*k - 4*s. Is k a multiple of 13?
True
Let h(s) = 55*s - 2. Is 36 a factor of h(2)?
True
Suppose 4*q - 103 = 205. Is 15 a factor of q?
False
Is 12 a factor of 1 - 1 - 288/(9 - 12)?
True
Let o be (-1*12/(-2))/(-1). Let w = -2 - o. Is 5 a factor of (w - 2)*10/4?
True
Suppose -8 = -i - 4. Suppose -24 = -5*m - 4*v, m - 2*m - i*v = -8. Let c = m - -19. Is 10 a factor of c?
False
Suppose 4 = 2*h + 32. Let b be h/21 + (-14)/(-3). Let n = b - 1. Is n a multiple of 2?
False
Is (532/(-42))/(4/(-6)) a multiple of 4?
False
Suppose -p + 5*o + 26 = 0, 3*p - 2*o - 50 = -o. Suppose 6*f = -p + 46. Is f a multiple of 5?
True
Suppose 0*z = 3*u + 5*z - 81, -5*u = -z - 107. Is 11 a factor of u?
True
Let w(j) be the first derivative of -j**7/840 + j**6/72 + 3*j**5/40 - j**4/4 + j**3/3 - 1. Let i(c) be the third derivative of w(c). Does 12 divide i(6)?
True
Suppose 3*s = -5*d + d + 567, -2*s = -2*d + 280. Does 47 divide d?
True
Suppose 21 = -p - 5*v, 5*p + 5*v + 7 = -78. Let c = p - -10. Is 11 a factor of (44/c)/((-4)/12)?
True
Suppose 2*o + 3*o - 95 = 0. Is 19 a factor of o?
True
Suppose -542 = -2*p + 2*f - 4*f, -4*p - 2*f = -1074. Is p a multiple of 38?
True
Let y = 39 + -7. Is 15 a factor of y?
False
Let d(r) = -2*r + 38. Is 26 a factor of d(-7)?
True
Suppose o = 3*l + 69, 0*o - 5*o + 265 = 5*l. Is o a multiple of 19?
True
Suppose -4*j + 5*f + 55 = 4*f, -2*j - f = -23. Let b = j - -28. Is 17 a factor of b?
False
Let n(s) = 3*s + 8. Let r(x) = 4. Let g(q) = 3. Let w(t) = 7*g(t) - 5*r(t). Let b(c) = n(c) - w(c). Is b(7) a multiple of 14?
True
Let a be (-18)/(-4)*(-32)/(-6). Let z = a + 14. Does 19 divide z?
True
Suppose -4*w - y = -17, y + 13 = -5*w + 7*w. Suppose 0*d = -d, -w*z - d + 220 = 0. Is 11 a factor of z?
True
Let g(q) = q**3 + 8*q**2 - q - 11. Let t be g(-8). Is 6 a factor of (2 - -10)/((-2)/t)?
True
Let c(a) = 6*a - 2. Is c(5) a multiple of 5?
False
Let b = 91 - -111. Does 11 divide b?
False
Suppose 4*n + n = 3990. Let f be n/(-10) - (-3)/(-15). Does 12 divide (3/(-4))/(5/f)?
True
Let i = 255 - 159. Does 16 divide i?
True
Let m(x) = -19*x**2 - x + 5. Let n be m(-4). Let p be (-1)/2 - n/10. Let z = p + -14. Is z a multiple of 8?
False
Suppose 0 = b - 3. Suppose b*g + 21 = m, -m - 3*m - g + 123 = 0. Does 15 divide m?
True
Let f = -2 - -8. Let t = 86 - 48. Suppose v = t - f. Is 17 a factor of v?
False
Let x be (-28)/(-8) + (-2)/4. Suppose p + x*p + q = 1, -5 = -2*p - 5*q. Suppose -2*o - o + 9 = p. Does 2 divide o?
False
Let s = 18 - 6. Is s even?
True
Let h(d) = 2*d - 3*d + 5*d - 7. Let a be h(5). Suppose -5*i = 4*w - 76 - a, -5*i + 110 = 5*w. Does 12 divide w?
False
Suppose -4*y - 4*h + 141 = -h, 2*y + 5*h - 53 = 0. Does 9 divide y?
False
Suppose 3*g + 0*g - 5*p - 306 = 0, 5*p - 306 = -3*g. Is g a multiple of 17?
True
Let t(h) = -h**3 - 4*h**2 + 4*h - 8. Let b(i) = -i**3 - 4*i**2 + 4*i - 9. Let j(p) = 2*b(p) - 3*t(p). Let u be j(-5). Is 2/(-5)*(-4 - u) even?
True
Let t(j) = -j**3 + 4*j**2 + 6*j - 1. Let h be t(5). Suppose -h*w - w - 3*c = -42, 0 = w + 2*c - 7. Is 9 a factor of w?
True
Let g = -131 - -243. Does 14 divide g?
True
Suppose 0*t = 2*o + 2*t - 664, -4*o + 1292 = -5*t. Is 24 a factor of o?
False
Let o(t) = -t - 10. Let x be o(-6). Let q be (-1)/4*2*30. Is 6 a factor of (x/10)/(1/q)?
True
Does 10 divide 1203*(-4)/(-60) + 2/(-10)?
True
Let k = -3 - -38. Suppose -5*c = -30 - k. Is c a multiple of 13?
True
Suppose -5*x - 25 = 0, -x = 4*h + h - 15. Suppose -h*l = -6*l + 46. Does 21 divide l?
False
Let o(r) = -r**3 + 8*r**2 - r - 3. Let z be o(8). Is (5 + -6)*(z - -1) a multiple of 4?
False
Let f(z) = 5*z**2 + 3*z + 1. Is f(2) a multiple of 9?
True
Suppose 6 = -2*u + 4*u. Suppose -2*b = -52 + 4. Let p = u + b. Does 19 divide p?
False
Let v = -10 - -12. Is (0 + 4)/(1/v) a multiple of 5?
False
Let s(q) = -q**2 - 7*q - 5. Let d be s(-6). Is d/3 - (-77)/3 a multiple of 13?
True
Suppose -2*w - 5*k = 1, -4*w = -0*k + 4*k + 8. Let q be 7/(-21) + 191/w. Let m = -45 - q. Is 19 a factor of m?
True
Suppose 2*b + 86 = 2*f + 18, 4*b = 0. Let s = f + -21. Does 11 divide s?
False
Suppose 0 = 2*x + 18. Let y be 6/x + 122/3. Suppose -3*v = v - y. Does 5 divide v?
True
Let j(h) = -2*h + 7. Let g(c) = -1. Let l(x) = -5*g(x) - j(x). Is 12 a factor of l(7)?
True
Suppose -4*r = r + 10. Let a = -4 - r. Does 8 divide (-8 + a)*(-8)/10?
True
Let w be (8/5)/((-4)/(-10)). Suppose -3*r + 4*h + 10 = 0, -w*r + 5 = -0*h + 3*h. Does 5 divide ((-10)/(-4))/(r/4)?
True
Suppose 5*q + 3330 = c, -q - 289 = 3*c + 377. Does 37 divide (-2)/(-3)*q/(-4)?
True
Let o be (-1400)/(-6) - (-2)/(-6). Suppose 3*w + o = 38. Let r = w + 109. Does 17 divide r?
False
Let o(g) = -g**3 + 12*g**2 + 5*g - 3. Is o(11) a multiple of 27?
False
Let l be (3 - 1)/(3/63). Suppose 5*w - l = 38. Is w a multiple of 7?
False
Let c(r) = 2*r - 1. Let d be c(3). Suppose -d*i = -10 - 15. Suppose i*s - 95 = -0*s. Is s a multiple of 6?
False
Let p = 19 - 15. Suppose -p = 4*n, -5*n = 2*u - u - 64. Is 23 a factor of u?
True
Let a = -9 + 2. Does 7 divide a*3/6*-2?
True
Let a(z) = z - 5. Let k be a(7). Is (3/k)/(1/12) a multiple of 7?
False
Suppose 0 = -5*l - 4*o + 3*o + 294, -4*o = 2*l - 114. Does 6 divide l?
False
Let t be 1/(3/6) + 63. Let s = t + -38. Suppose -4*r = -7*r + s. Is r a multiple of 3?
True
Let h be 6 + 1 - (3 + -1). Suppose 3*v = h*v - 132. Is 22 a factor of v?
True
Suppose 4*g = -2*g + 378. Suppose g = 4*r + 3*l, 5*r - 2*l = -4*l + 77. Is r a multiple of 3?
True
Let s be (0/(-8))/(1 - 0). Let m = s + 13. Is 10 a factor of m?
False
Let n(h) = h**2 + 3*h - 4. Let k be n(-4). Let i(t) = t**2 - t + 70. Is i(k) a multiple of 14?
True
Does 8 divide 21/(-6)*(-54)/3?
False
Let p(j) = -j - 2. Let l be (-6)/(1/2 + 0). Let x be (-3)/l - (-50)/(-8). Does 2 divide p(x)?
True
Let u(t) = -t**3 + 10*t**2 - 11*t - 4. Suppose 0*y + 24 = 3*y. Is 24 a factor of u(y)?
False
Let v(r) = r**2 - 2*r - 3. Let m(j) = j**3 + 9*j**2 + 7*j - 3. Let i be m(-8). Is v(i) a multiple of 9?
False
Let t = 11 - 6. Suppose t*b - 27 = -3*n, 6*n - n - 14 = 2*b. Suppose -141 = -4*f + b. Is f a multiple of 21?
False
Let u be 3/(-6)*(1 + -3). Is u/(-4) - 159/(-12) a multiple of 6?
False
Let m(f) = 3*f - 7. Let o be m(4). Suppose 2*k + o*u - 11 = 18, 5*k - 64 = -4*u. Does 3 divide k?
True
Let c be 2 + -4 + (-2 - 1). Let f(x) = x**3 + 6*x**2 + 3*x - 2. Is f(c) a multiple of 3?
False
Suppose 6 = -4*l - 2*i + 170, 3*l - 133 = -4*i. Does 11 divide l?
False
Suppose 0 = -3*i + 5 + 10. Suppose i*g = 4*j + j - 95, -5*j + 88 = 2*g. Does 9 divide j?
True
Suppose -29 = -z + 121. Is 30 a factor of z?
True
Suppose 3*o - 2*o - 95 = -3*i, -5*o - 2*i = -436. Does 43 divide o?
T